ber?
False
Let i(r) = 12*r**2 + 59*r + 53. Is i(34) composite?
True
Let c = -1266106 + 1795991. Is c prime?
False
Let n(m) = 38*m**2 + 2*m - 21. Let b = 46 - 51. Is n(b) prime?
True
Let m(d) = 4*d + 64. Let h be m(-15). Suppose -k + 12949 = -h*u, 0*k - k = -2*u - 12939. Is k composite?
True
Suppose -2*a - 3*h = 2*a - 10, 0 = 5*a + 4*h - 12. Is ((-22)/66)/(((-4)/489)/a) a prime number?
True
Let j(w) = 5*w - 58. Let c be j(11). Is 5563 + (-3 - 9*(-1)/c) a prime number?
True
Let z = -13199 - -13131. Let c be 6/15 - 4/10. Is z/6*(-618)/4 + c a prime number?
False
Let a = -34877 + 153009. Is (11 - (-98)/(-9)) + a/18 a prime number?
True
Let v = 11 - 35. Let t = 313 - v. Suppose 0 = -3*h + 3*d + 345, -4*d = -3*h + d + t. Is h a composite number?
True
Let p(m) = -m**2 - 9*m - 4. Let z be p(-8). Suppose -5*l + 3*u + 4468 = 0, -z*l = l - 5*u - 4470. Is l/((-5)/(-25) + 8/10) prime?
False
Let m be (-5)/(-10)*(9*2)/3. Let n(q) = m*q + 2 - 50*q**2 - 7 + 324*q**2 + 3. Is n(5) a composite number?
False
Let n(y) = -y**3 + 6*y**2 + 6*y + 10. Let s be n(7). Suppose -t - 1342 = -s*t. Suppose -8*u + t = -7*u. Is u prime?
False
Suppose 72 = 8*j + 128. Is 40533/21 + (-6)/j a composite number?
False
Suppose -2*y = -3*b + 1557325 - 397104, -2*b + 773486 = 4*y. Is b a composite number?
True
Let z(b) = -b**3 + 7*b**2 + 31*b - 7. Let s be z(10). Suppose -s*c = -g + 910, 0 = -5*g - 0*g - 2*c + 4533. Is g prime?
True
Let a = 409957 + -286788. Is a a prime number?
True
Suppose s - 16 = -3*s. Suppose s*f = -5*c + 14055, 0 = 4*c - 6*c + 2*f + 5622. Is c a prime number?
False
Let d(b) = -11*b**3 - 40*b**2 - 7*b + 65. Let z(t) = 7*t**3 + 27*t**2 + 4*t - 43. Let o(y) = 5*d(y) + 8*z(y). Let u = -2 + 13. Is o(u) composite?
True
Let m(u) = u**2 + 5*u + 2. Let i be m(-5). Suppose l + d = 1483, -2*l + 4*d = i*l - 5964. Let o = -732 + l. Is o prime?
False
Let f(m) = 2*m**3 - 6*m**2 + 3*m + 11. Let p be f(-8). Let v = p + 1992. Is v prime?
True
Suppose 0 = -21*i - 2*i + 230. Is 245234/42 - i/(-105) a composite number?
False
Suppose 2*r - 80 = -90. Suppose 16*b - 12*b = 0. Is 2408 + -1 - (b - 5 - r) a prime number?
False
Let z(a) = -3*a - 27. Let u be z(-8). Let f be (0 + -1 - 0)*(u + -1). Is -502*(0/(-2) + (-2)/f) a composite number?
False
Let h = 49 + -46. Suppose 3*b = 2*g - g - h, 2*g - 6 = -2*b. Suppose 0 = g*w - m - 5010, -2*w + m - 6687 = -6*w. Is w a prime number?
False
Suppose 2*v + 10833 = -5*r + 37788, 0 = 3*r - 3*v - 16173. Let k = r - 1984. Is k a prime number?
True
Let p(y) = 82698*y**3 - 44*y + 45. Is p(1) composite?
False
Let w = 572089 + -398463. Is w a composite number?
True
Suppose 5*w - d = 197752, -3*w + 0*w - d = -118656. Is w composite?
False
Let c = -71 + 73. Suppose -9 = 5*v - 3*k - 0*k, k = -c. Let n(l) = 16*l**2 - l - 1. Is n(v) composite?
True
Let m(n) = -5 + 8*n - 11*n + 443*n**2 - 1 - 8. Let k be m(5). Is 2/(-4) + k/4 a composite number?
True
Suppose -3*f + 747 = -2*v + 21437, -4 = 2*f. Suppose v = 10*a + 36982. Let u = 3957 + a. Is u prime?
False
Suppose -3*a + 6 = -4*h, 0*h = h - 5*a + 10. Suppose -2*x - 1114 + 154 = h. Let f = x + 1021. Is f a composite number?
False
Let v(l) = 1640*l + 2191*l - 440*l - 28 - 21 + 2338*l. Is v(10) a prime number?
True
Let t be 3/(-36)*3 - (-29)/4. Let w(s) = -2*s + 7. Let z be w(-3). Suppose 3138 = -t*u + z*u. Is u prime?
True
Let y = -6933 - -24562. Let g = y + -9066. Is g composite?
False
Let p = -4071 - -17658. Let v = p + -8882. Suppose -3*f - 2*f = -v. Is f prime?
True
Let h(x) = -x**2 - 15*x - 41. Let k be h(-7). Is (k/20)/((-18)/(-210696)) a prime number?
True
Let z(f) = 1169*f**3 + 47*f - 243. Is z(5) a prime number?
True
Let j(l) = 52*l**3 - 2*l**2 + 1. Let k be j(1). Suppose z = 5*u + 17, 3*u = 3*z + 4*u - k. Suppose z*a = 16*a + 391. Is a a prime number?
False
Let x = -1078479 - -1538072. Is x a prime number?
True
Let c(f) = 1063*f**2 + 74*f - 293. Is c(4) composite?
False
Let j = -745 - -751. Is (0 + 6)/j + 3*36 a prime number?
True
Let y(t) = -42*t - 21. Let z(d) be the third derivative of d**3/6 - 6*d**2. Let w(v) = -y(v) - 18*z(v). Is w(2) a prime number?
False
Let c(b) = 84*b**2 - 17*b + 7. Let q(p) = 84*p**2 - 17*p + 6. Let t(o) = 5*c(o) - 4*q(o). Is t(8) a prime number?
False
Let o(k) = -339*k - 3203. Is o(-28) a prime number?
False
Is -8*-3*(-3867097)/(-312) - -4 a composite number?
True
Let f(x) = -35 - 162*x + 3 + 17 - 28. Is f(-12) composite?
False
Suppose 2*i + 286 = -106. Suppose -2*m = -5*o + 3430 - 221, -4*o + 2566 = -m. Let h = o + i. Is h prime?
False
Let i(x) = -137*x + 97*x - 20 + 483*x. Let j be i(5). Suppose q = 6*q - j. Is q composite?
False
Suppose 14*i = -37*i + 1352163. Is i a prime number?
True
Let w(x) be the second derivative of -132*x**5/5 + x**2/2 - 2*x. Let z be (-6)/(-4)*(-4)/6. Is w(z) composite?
True
Let v(j) be the second derivative of -5*j**3/3 - 14*j**2 + 23*j. Let g be v(-3). Suppose -g*k - k = -1017. Is k a composite number?
True
Let b = 675794 - -48927. Is b a composite number?
False
Suppose 4*o = 5*z + 2*o - 271, 3*o + 221 = 4*z. Suppose -58*c + z*c + 113785 = 0. Is c a composite number?
True
Let r = 943424 - 606027. Is r a composite number?
False
Let c = 12892 - 5523. Is c a composite number?
False
Suppose x - 5886 = v + 4907, -32373 = 3*v + 3*x. Let h = 22883 + v. Is (-60)/(-33) + -2 - h/(-11) a composite number?
True
Suppose -2*p - 2*a = -6*p + 56198, 2*p - 28084 = 4*a. Suppose 0 = 72*k - 76*k + p. Is (-1)/(4/(-4683)*k - -3) a prime number?
False
Let p(i) be the first derivative of 67*i**2 + 151*i - 70. Is p(18) prime?
False
Let i be 184/(-414) + 23/(-9). Is ((-41496)/i - 3) + 13 + -13 composite?
False
Suppose 2*t - 2453898 = -8*y + 714736, -4*y - 5*t + 1584321 = 0. Is y a composite number?
False
Suppose 108*o - 5170850 = 4094146. Is o a prime number?
False
Is (-59074311)/(-412) - (-13)/(-4) composite?
True
Suppose 30*k - 32*k = -5*f - 2068, -4*k + 3*f + 4108 = 0. Let r = 1931 - k. Is r a composite number?
False
Suppose y + 11*d - 79 = 14*d, -2*y - d + 179 = 0. Let a = 2261 - y. Is a prime?
False
Let b be 1/(-7)*-7 - (-2)/2. Let y be (-289)/(-51) - b/3. Suppose 8151 = v + 4*f, 3*v = y*f + 7610 + 16775. Is v prime?
False
Let j = 21 + -19. Suppose 0 = -j*x + 42 - 2. Let m = x + 17. Is m a composite number?
False
Let j = 1962 + 12669. Is j a composite number?
True
Let x(p) = -p**3 + 3*p**2 + 16. Let w be x(4). Suppose 41*o - 42*o + 955 = w. Is o a prime number?
False
Suppose -5*a - 6*a + 1844275 = 14*a. Is a prime?
True
Suppose 23 = 2*b + 19. Suppose 0 = b*n - 2377 - 271. Is (n/(-6))/(1 - (-15)/(-9)) a composite number?
False
Is ((-8)/6)/((-362)/3723351) a prime number?
False
Is 9*(-10)/(-15) - ((-146160)/5 - 4) a composite number?
True
Let t(g) = g**2 + 7*g - 29. Let o be t(-10). Suppose 0 = -6*m + m - u + 11, o = -2*m + 5*u. Suppose s + 1 = -m, 11086 = 5*j + 3*s. Is j a composite number?
True
Is -2 - -2 - (-251633 - 0) prime?
False
Suppose 3*j + 23*d - 26*d - 30 = 0, 4*j = 3*d + 44. Let c(q) = q**3 - 2*q**2 + 51*q - 49. Is c(j) a composite number?
True
Let j(c) = 23*c - 2. Let l be j(0). Let h(u) = 779*u**2 + 6*u + 5. Is h(l) a composite number?
False
Let x be -20*654/(-12) + -3. Suppose 29*m = 28*m + x. Is m a composite number?
False
Let m(f) = -28*f + 6. Suppose 0*k = 3*k + 24. Let y be m(k). Let w = y + 192. Is w a prime number?
False
Let d = 83 + -83. Let v(w) = -w**3 - 5*w. Let z be v(d). Suppose -3*x - x = -2*m + 3666, z = 2*m - x - 3678. Is m a prime number?
False
Suppose 8*h = 11*h - 4470. Suppose 8*r = 10*r - h. Is r composite?
True
Suppose 3 = 4*v + 5*z, 3 = -0*v + 3*v + 4*z. Is 78/12*((-6744)/v)/4 prime?
False
Let r(s) be the second derivative of -16*s**2 - 23/6*s**3 - 34*s + 0. Is r(-5) a prime number?
True
Suppose 0 = -r - 8*n + 11*n + 150437, -r + n = -150437. Suppose 17731 = -7*g + r. Is g a prime number?
False
Suppose -18*u + 6*h = -20*u + 37712, 2*u - h = 37719. Is u composite?
False
Suppose 0 = -s - 2*q + 62147, 13*s - q = 14*s - 62148. Is s composite?
True
Let h(f) = f**2 + 10*f + 40. Let c be h(-18). Let m = c + 1383. Is m composite?
False
Suppose 6*a = -2*a - 336. Is (1*-2)/(a/210777) composite?
False
Let h(l) = -3 - 22*l**2 + 37*l - 41*l + 38*l**2. Is h(-7) prime?
True
Suppose -400*b + 1446793 = -361*b - 643178. Is b a prime number?
False
Le